{"id":3301,"date":"2023-12-22T10:30:12","date_gmt":"2023-12-22T09:30:12","guid":{"rendered":"http:\/\/frmjccentrests.wordpress.com\/?page_id=3301"},"modified":"2023-12-22T10:38:18","modified_gmt":"2023-12-22T09:38:18","slug":"les-consignes-de-securite","status":"publish","type":"page","link":"https:\/\/frmjccentre.org\/sts\/cosmorium-3\/les-consignes-de-securite\/","title":{"rendered":"Les consignes de s\u00e9curit\u00e9 pour le public"},"content":{"rendered":"<p><img loading=\"lazy\" decoding=\"async\" data-attachment-id=\"8490\" data-permalink=\"https:\/\/frmjccentre.org\/sts\/panneau-cosmorium-securite\/\" data-orig-file=\"https:\/\/frmjccentre.org\/sts\/wp-content\/uploads\/2021\/09\/Panneau-Cosmorium-SECURITE-scaled.jpg\" data-orig-size=\"1088,2560\" data-comments-opened=\"0\" data-image-meta=\"{&quot;aperture&quot;:&quot;0&quot;,&quot;credit&quot;:&quot;&quot;,&quot;camera&quot;:&quot;&quot;,&quot;caption&quot;:&quot;&quot;,&quot;created_timestamp&quot;:&quot;0&quot;,&quot;copyright&quot;:&quot;&quot;,&quot;focal_length&quot;:&quot;0&quot;,&quot;iso&quot;:&quot;0&quot;,&quot;shutter_speed&quot;:&quot;0&quot;,&quot;title&quot;:&quot;&quot;,&quot;orientation&quot;:&quot;0&quot;}\" data-image-title=\"Panneau-Cosmorium-SECURITE\" data-image-description=\"\" data-image-caption=\"\" data-large-file=\"https:\/\/frmjccentre.org\/sts\/wp-content\/uploads\/2021\/09\/Panneau-Cosmorium-SECURITE-435x1024.jpg\" class=\"alignright wp-image-8490 \" src=\"https:\/\/frmjccentre.org\/sts\/wp-content\/uploads\/2021\/09\/Panneau-Cosmorium-SECURITE-127x300.jpg\" alt=\"\" width=\"235\" height=\"538\" \/><\/p>\n<p style=\"text-align: justify;\"><span style=\"color: #000000;\">Lors de la participation \u00e0 une s\u00e9ance de <strong>Cosmorium<sup>\u00ae<\/sup><\/strong>, il est important de respecter quelques <span style=\"text-decoration: underline;\">consignes de s\u00e9curit\u00e9<\/span>, afin de garantir \u00e0 tous les participants une bonne s\u00e9ance mais aussi des bonnes conditions.<\/span><\/p>\n<p style=\"text-align: justify;\"><span style=\"color: #000000;\">L&#8217;acc\u00e8s \u00e0 l&#8217;int\u00e9rieur du d\u00f4me sera r\u00e9gul\u00e9 par l&#8217;animateur de la manifestation. Ainsi, le plan\u00e9tariste vous fera <strong>rentrer par groupe de 5 \u00e0 7 personnes<\/strong>. Vous serez alors install\u00e9s sur des chaises d\u00e9j\u00e0 dispos\u00e9es \u00e0 l&#8217;int\u00e9rieur. Il est important de noter que l&#8217;entr\u00e9e dans le d\u00f4me n&#8217;est pas conseill\u00e9e pour les personnes <strong>claustrophobes<\/strong>, <strong>\u00e9pileptiques<\/strong> ou ne supportant pas <strong>l&#8217;enfermement<\/strong>. De plus, une s\u00e9ance de <strong>Cosmorium<sup>\u00ae<\/sup><\/strong> est <strong>d\u00e9conseill\u00e9e aux enfants de moins de 4 ans<\/strong>. Enfin, aucun enfant ne pourra rentrer \u00e0 l&#8217;int\u00e9rieur du d\u00f4me sans la prise en charge d&#8217;une personne responsable.<\/span><\/p>\n<p style=\"text-align: justify;\"><span style=\"color: #000000;\">Une fois \u00e0 l&#8217;int\u00e9rieur, il vous sera demand\u00e9 de ne pas toucher, vous appuyer ou vous jeter sur la paroi du d\u00f4me. Afin, de profiter au mieux de la s\u00e9ance, les t\u00e9l\u00e9phones portables doivent \u00eatre \u00e9teints, et il vous sera demand\u00e9 de\u00a0rester assis durant toute la dur\u00e9e de la s\u00e9ance.\u00a0Il est <strong>interdit de fumer<\/strong>, d&#8217;allumer des briquets ou des allumettes sous le d\u00f4me. Il est \u00e9galement interdit d&#8217;apporter\u00a0ou de consommer de la nourriture ou de la boisson. Enfin,\u00a0dans le<em>\u00a0cas d&#8217;un quelconque\u00a0\u00a0probl\u00e8me, le plan\u00e9tariste reste \u00e0 votre disposition<\/em>.<\/span><\/p>\n<p style=\"text-align: justify;\"><span style=\"color: #000000;\">A\u00a0l&#8217;ext\u00e9rieur du d\u00f4me, comme pr\u00e9cis\u00e9 pr\u00e9c\u00e9dement, il vous sera demand\u00e9 de ne pas toucher, de ne pas vous appuyer ou encore de ne pas vous jeter sur la paroi du d\u00f4me. Il en va de la securit\u00e9 des personnes pr\u00e9sentes \u00e0 l&#8217;int\u00e9rieur.<\/span><\/p>\n<p style=\"text-align: justify;\"><strong><span style=\"color: #000000;\">Dans le cas o\u00f9 ces consignes ne seraient pas respect\u00e9es, le plan\u00e9tariste se r\u00e9serve le droit d&#8217;exclure les personnes perturbatrices, ou encore de ne pas poursuivre sa s\u00e9ance de Cosmorium<sup>\u00ae<\/sup>.<\/span><\/strong><\/p>\n<p style=\"text-align: right;\"><em>Nous restons \u00e0 votre disposition pour de plus amples informations.<\/em><\/p>\n<p style=\"text-align: left;\">&#8211; &#8211; &#8211; &#8211; &#8211; &#8211; &#8211; &#8211; &#8211; &#8211; &#8211; &#8211; &#8211; &#8211; &#8211; &#8211; &#8211; &#8211; &#8211; &#8211; &#8211; &#8211; &#8211; &#8211; &#8211; &#8211; &#8211; &#8211; &#8211; &#8211; &#8211; &#8211; &#8211; &#8211; &#8211; &#8211; &#8211; &#8211; &#8211; &#8211; &#8211; &#8211; &#8211; &#8211;<br \/>\n<em><span style=\"font-size: 85%;\">Navigation : <a title=\"Le Cosmorium\" href=\"https:\/\/frmjccentre.org\/sts\/cosmorium-2-2\/\">Le Cosmorium<\/a>, <a title=\"L'\u00e9quipement\" href=\"https:\/\/frmjccentre.org\/sts\/cosmorium-2-2\/lequipement\/\">L&#8217;\u00e9quipement<\/a>, <a title=\"Les spectacles\" href=\"https:\/\/frmjccentre.org\/sts\/cosmorium-2-2\/le-planetarium\/\">Les spectacles<\/a>, <a title=\"Condirtion g\u00e9n\u00e9rale de vente\" href=\"https:\/\/frmjccentre.org\/sts\/cosmorium-2-2\/condition-generale-de-vente\/\">Condition g\u00e9n\u00e9rale de vente<\/a>, <a title=\"Tarifs et r\u00e9servation\" href=\"https:\/\/frmjccentre.org\/sts\/tarifs\/cosmorium\/\" target=\"_blank\" rel=\"noopener\">Tarifs et r\u00e9servation<\/a>.<\/span><\/em><\/p>\n<p>&nbsp;<\/p>\n","protected":false},"excerpt":{"rendered":"<p>Lors de la participation \u00e0 une s\u00e9ance de Cosmorium\u00ae, il est important de respecter quelques consignes de s\u00e9curit\u00e9, afin de garantir \u00e0 tous les participants une bonne s\u00e9ance mais aussi des bonnes conditions. L&#8217;acc\u00e8s \u00e0 l&#8217;int\u00e9rieur du d\u00f4me sera r\u00e9gul\u00e9 &hellip; <a href=\"https:\/\/frmjccentre.org\/sts\/cosmorium-3\/les-consignes-de-securite\/\">Continuer la lecture <span class=\"meta-nav\">&rarr;<\/span><\/a><\/p>\n","protected":false},"author":2,"featured_media":0,"parent":3222,"menu_order":5,"comment_status":"closed","ping_status":"closed","template":"","meta":{"_crdt_document":"","footnotes":""},"class_list":["post-3301","page","type-page","status-publish","hentry"],"yoast_head":"<!-- This site is optimized with the Yoast SEO plugin v27.4 - https:\/\/yoast.com\/product\/yoast-seo-wordpress\/ -->\n<title>Les consignes de s\u00e9curit\u00e9 pour le public - FRMJC R\u00e9gion Centre - Service Sciences Techniques Soci\u00e9t\u00e9<\/title>\n<meta name=\"description\" content=\"Lors de la s\u00e9ance de Cosmorium\u00ae : il est important de respecter les consignes de s\u00e9curit\u00e9 afin de garantir une bonne s\u00e9ance dans de bonnes conditions.\" \/>\n<meta name=\"robots\" content=\"index, follow, max-snippet:-1, max-image-preview:large, max-video-preview:-1\" \/>\n<link rel=\"canonical\" href=\"https:\/\/frmjccentre.org\/sts\/cosmorium-3\/les-consignes-de-securite\/\" \/>\n<meta property=\"og:locale\" content=\"fr_FR\" \/>\n<meta property=\"og:type\" content=\"article\" \/>\n<meta property=\"og:title\" content=\"Les consignes de s\u00e9curit\u00e9 pour le public - FRMJC R\u00e9gion Centre - Service Sciences Techniques Soci\u00e9t\u00e9\" \/>\n<meta property=\"og:description\" content=\"Lors de la s\u00e9ance de Cosmorium\u00ae : il est important de respecter les consignes de s\u00e9curit\u00e9 afin de garantir une bonne s\u00e9ance dans de bonnes conditions.\" \/>\n<meta property=\"og:url\" content=\"https:\/\/frmjccentre.org\/sts\/cosmorium-3\/les-consignes-de-securite\/\" \/>\n<meta property=\"og:site_name\" content=\"FRMJC R\u00e9gion Centre - Service Sciences Techniques Soci\u00e9t\u00e9\" \/>\n<meta property=\"article:publisher\" content=\"https:\/\/www.facebook.com\/Frmjccentrests\/\" \/>\n<meta property=\"article:modified_time\" content=\"2023-12-22T09:38:18+00:00\" \/>\n<meta property=\"og:image\" content=\"https:\/\/frmjccentre.org\/sts\/wp-content\/uploads\/2021\/09\/Panneau-Cosmorium-SECURITE-127x300.jpg\" \/>\n<meta name=\"twitter:card\" content=\"summary_large_image\" \/>\n<meta name=\"twitter:site\" content=\"@FRMJCSTS\" \/>\n<meta name=\"twitter:label1\" content=\"Dur\u00e9e de lecture estim\u00e9e\" \/>\n\t<meta name=\"twitter:data1\" content=\"2 minutes\" \/>\n<script type=\"application\/ld+json\" class=\"yoast-schema-graph\">{\"@context\":\"https:\\\/\\\/schema.org\",\"@graph\":[{\"@type\":\"WebPage\",\"@id\":\"https:\\\/\\\/frmjccentre.org\\\/sts\\\/cosmorium-3\\\/les-consignes-de-securite\\\/\",\"url\":\"https:\\\/\\\/frmjccentre.org\\\/sts\\\/cosmorium-3\\\/les-consignes-de-securite\\\/\",\"name\":\"Les consignes de s\u00e9curit\u00e9 pour le public - FRMJC R\u00e9gion Centre - Service Sciences Techniques Soci\u00e9t\u00e9\",\"isPartOf\":{\"@id\":\"https:\\\/\\\/frmjccentre.org\\\/sts\\\/#website\"},\"primaryImageOfPage\":{\"@id\":\"https:\\\/\\\/frmjccentre.org\\\/sts\\\/cosmorium-3\\\/les-consignes-de-securite\\\/#primaryimage\"},\"image\":{\"@id\":\"https:\\\/\\\/frmjccentre.org\\\/sts\\\/cosmorium-3\\\/les-consignes-de-securite\\\/#primaryimage\"},\"thumbnailUrl\":\"https:\\\/\\\/frmjccentre.org\\\/sts\\\/wp-content\\\/uploads\\\/2021\\\/09\\\/Panneau-Cosmorium-SECURITE-127x300.jpg\",\"datePublished\":\"2023-12-22T09:30:12+00:00\",\"dateModified\":\"2023-12-22T09:38:18+00:00\",\"description\":\"Lors de la s\u00e9ance de Cosmorium\u00ae : il est important de respecter les consignes de s\u00e9curit\u00e9 afin de garantir une bonne s\u00e9ance dans de bonnes conditions.\",\"breadcrumb\":{\"@id\":\"https:\\\/\\\/frmjccentre.org\\\/sts\\\/cosmorium-3\\\/les-consignes-de-securite\\\/#breadcrumb\"},\"inLanguage\":\"fr-FR\",\"potentialAction\":[{\"@type\":\"ReadAction\",\"target\":[\"https:\\\/\\\/frmjccentre.org\\\/sts\\\/cosmorium-3\\\/les-consignes-de-securite\\\/\"]}]},{\"@type\":\"ImageObject\",\"inLanguage\":\"fr-FR\",\"@id\":\"https:\\\/\\\/frmjccentre.org\\\/sts\\\/cosmorium-3\\\/les-consignes-de-securite\\\/#primaryimage\",\"url\":\"https:\\\/\\\/frmjccentre.org\\\/sts\\\/wp-content\\\/uploads\\\/2021\\\/09\\\/Panneau-Cosmorium-SECURITE-scaled.jpg\",\"contentUrl\":\"https:\\\/\\\/frmjccentre.org\\\/sts\\\/wp-content\\\/uploads\\\/2021\\\/09\\\/Panneau-Cosmorium-SECURITE-scaled.jpg\",\"width\":1088,\"height\":2560},{\"@type\":\"BreadcrumbList\",\"@id\":\"https:\\\/\\\/frmjccentre.org\\\/sts\\\/cosmorium-3\\\/les-consignes-de-securite\\\/#breadcrumb\",\"itemListElement\":[{\"@type\":\"ListItem\",\"position\":1,\"name\":\"Accueil\",\"item\":\"https:\\\/\\\/frmjccentre.org\\\/sts\\\/\"},{\"@type\":\"ListItem\",\"position\":2,\"name\":\"Le Cosmorium\",\"item\":\"https:\\\/\\\/frmjccentre.org\\\/sts\\\/cosmorium-3\\\/\"},{\"@type\":\"ListItem\",\"position\":3,\"name\":\"Les consignes de s\u00e9curit\u00e9 pour le public\"}]},{\"@type\":\"WebSite\",\"@id\":\"https:\\\/\\\/frmjccentre.org\\\/sts\\\/#website\",\"url\":\"https:\\\/\\\/frmjccentre.org\\\/sts\\\/\",\"name\":\"FRMJC R\u00e9gion Centre - Service Sciences Techniques Soci\u00e9t\u00e9\",\"description\":\"Une \u00e9quipe de professionnels de la m\u00e9diation.\",\"publisher\":{\"@id\":\"https:\\\/\\\/frmjccentre.org\\\/sts\\\/#organization\"},\"potentialAction\":[{\"@type\":\"SearchAction\",\"target\":{\"@type\":\"EntryPoint\",\"urlTemplate\":\"https:\\\/\\\/frmjccentre.org\\\/sts\\\/?s={search_term_string}\"},\"query-input\":{\"@type\":\"PropertyValueSpecification\",\"valueRequired\":true,\"valueName\":\"search_term_string\"}}],\"inLanguage\":\"fr-FR\"},{\"@type\":\"Organization\",\"@id\":\"https:\\\/\\\/frmjccentre.org\\\/sts\\\/#organization\",\"name\":\"FRMJC CENTRE\",\"url\":\"https:\\\/\\\/frmjccentre.org\\\/sts\\\/\",\"logo\":{\"@type\":\"ImageObject\",\"inLanguage\":\"fr-FR\",\"@id\":\"https:\\\/\\\/frmjccentre.org\\\/sts\\\/#\\\/schema\\\/logo\\\/image\\\/\",\"url\":\"https:\\\/\\\/frmjccentre.org\\\/sts\\\/wp-content\\\/uploads\\\/2017\\\/06\\\/logo-Frmjc-Centre-GIF-300ppp.gif\",\"contentUrl\":\"https:\\\/\\\/frmjccentre.org\\\/sts\\\/wp-content\\\/uploads\\\/2017\\\/06\\\/logo-Frmjc-Centre-GIF-300ppp.gif\",\"width\":3508,\"height\":2480,\"caption\":\"FRMJC CENTRE\"},\"image\":{\"@id\":\"https:\\\/\\\/frmjccentre.org\\\/sts\\\/#\\\/schema\\\/logo\\\/image\\\/\"},\"sameAs\":[\"https:\\\/\\\/www.facebook.com\\\/Frmjccentrests\\\/\",\"https:\\\/\\\/x.com\\\/FRMJCSTS\"]}]}<\/script>\n<!-- \/ Yoast SEO plugin. -->","yoast_head_json":{"title":"Les consignes de s\u00e9curit\u00e9 pour le public - FRMJC R\u00e9gion Centre - Service Sciences Techniques Soci\u00e9t\u00e9","description":"Lors de la s\u00e9ance de Cosmorium\u00ae : il est important de respecter les consignes de s\u00e9curit\u00e9 afin de garantir une bonne s\u00e9ance dans de bonnes conditions.","robots":{"index":"index","follow":"follow","max-snippet":"max-snippet:-1","max-image-preview":"max-image-preview:large","max-video-preview":"max-video-preview:-1"},"canonical":"https:\/\/frmjccentre.org\/sts\/cosmorium-3\/les-consignes-de-securite\/","og_locale":"fr_FR","og_type":"article","og_title":"Les consignes de s\u00e9curit\u00e9 pour le public - FRMJC R\u00e9gion Centre - Service Sciences Techniques Soci\u00e9t\u00e9","og_description":"Lors de la s\u00e9ance de Cosmorium\u00ae : il est important de respecter les consignes de s\u00e9curit\u00e9 afin de garantir une bonne s\u00e9ance dans de bonnes conditions.","og_url":"https:\/\/frmjccentre.org\/sts\/cosmorium-3\/les-consignes-de-securite\/","og_site_name":"FRMJC R\u00e9gion Centre - Service Sciences Techniques Soci\u00e9t\u00e9","article_publisher":"https:\/\/www.facebook.com\/Frmjccentrests\/","article_modified_time":"2023-12-22T09:38:18+00:00","og_image":[{"url":"https:\/\/frmjccentre.org\/sts\/wp-content\/uploads\/2021\/09\/Panneau-Cosmorium-SECURITE-127x300.jpg","type":"","width":"","height":""}],"twitter_card":"summary_large_image","twitter_site":"@FRMJCSTS","twitter_misc":{"Dur\u00e9e de lecture estim\u00e9e":"2 minutes"},"schema":{"@context":"https:\/\/schema.org","@graph":[{"@type":"WebPage","@id":"https:\/\/frmjccentre.org\/sts\/cosmorium-3\/les-consignes-de-securite\/","url":"https:\/\/frmjccentre.org\/sts\/cosmorium-3\/les-consignes-de-securite\/","name":"Les consignes de s\u00e9curit\u00e9 pour le public - FRMJC R\u00e9gion Centre - Service Sciences Techniques Soci\u00e9t\u00e9","isPartOf":{"@id":"https:\/\/frmjccentre.org\/sts\/#website"},"primaryImageOfPage":{"@id":"https:\/\/frmjccentre.org\/sts\/cosmorium-3\/les-consignes-de-securite\/#primaryimage"},"image":{"@id":"https:\/\/frmjccentre.org\/sts\/cosmorium-3\/les-consignes-de-securite\/#primaryimage"},"thumbnailUrl":"https:\/\/frmjccentre.org\/sts\/wp-content\/uploads\/2021\/09\/Panneau-Cosmorium-SECURITE-127x300.jpg","datePublished":"2023-12-22T09:30:12+00:00","dateModified":"2023-12-22T09:38:18+00:00","description":"Lors de la s\u00e9ance de Cosmorium\u00ae : il est important de respecter les consignes de s\u00e9curit\u00e9 afin de garantir une bonne s\u00e9ance dans de bonnes conditions.","breadcrumb":{"@id":"https:\/\/frmjccentre.org\/sts\/cosmorium-3\/les-consignes-de-securite\/#breadcrumb"},"inLanguage":"fr-FR","potentialAction":[{"@type":"ReadAction","target":["https:\/\/frmjccentre.org\/sts\/cosmorium-3\/les-consignes-de-securite\/"]}]},{"@type":"ImageObject","inLanguage":"fr-FR","@id":"https:\/\/frmjccentre.org\/sts\/cosmorium-3\/les-consignes-de-securite\/#primaryimage","url":"https:\/\/frmjccentre.org\/sts\/wp-content\/uploads\/2021\/09\/Panneau-Cosmorium-SECURITE-scaled.jpg","contentUrl":"https:\/\/frmjccentre.org\/sts\/wp-content\/uploads\/2021\/09\/Panneau-Cosmorium-SECURITE-scaled.jpg","width":1088,"height":2560},{"@type":"BreadcrumbList","@id":"https:\/\/frmjccentre.org\/sts\/cosmorium-3\/les-consignes-de-securite\/#breadcrumb","itemListElement":[{"@type":"ListItem","position":1,"name":"Accueil","item":"https:\/\/frmjccentre.org\/sts\/"},{"@type":"ListItem","position":2,"name":"Le Cosmorium","item":"https:\/\/frmjccentre.org\/sts\/cosmorium-3\/"},{"@type":"ListItem","position":3,"name":"Les consignes de s\u00e9curit\u00e9 pour le public"}]},{"@type":"WebSite","@id":"https:\/\/frmjccentre.org\/sts\/#website","url":"https:\/\/frmjccentre.org\/sts\/","name":"FRMJC R\u00e9gion Centre - Service Sciences Techniques Soci\u00e9t\u00e9","description":"Une \u00e9quipe de professionnels de la m\u00e9diation.","publisher":{"@id":"https:\/\/frmjccentre.org\/sts\/#organization"},"potentialAction":[{"@type":"SearchAction","target":{"@type":"EntryPoint","urlTemplate":"https:\/\/frmjccentre.org\/sts\/?s={search_term_string}"},"query-input":{"@type":"PropertyValueSpecification","valueRequired":true,"valueName":"search_term_string"}}],"inLanguage":"fr-FR"},{"@type":"Organization","@id":"https:\/\/frmjccentre.org\/sts\/#organization","name":"FRMJC CENTRE","url":"https:\/\/frmjccentre.org\/sts\/","logo":{"@type":"ImageObject","inLanguage":"fr-FR","@id":"https:\/\/frmjccentre.org\/sts\/#\/schema\/logo\/image\/","url":"https:\/\/frmjccentre.org\/sts\/wp-content\/uploads\/2017\/06\/logo-Frmjc-Centre-GIF-300ppp.gif","contentUrl":"https:\/\/frmjccentre.org\/sts\/wp-content\/uploads\/2017\/06\/logo-Frmjc-Centre-GIF-300ppp.gif","width":3508,"height":2480,"caption":"FRMJC CENTRE"},"image":{"@id":"https:\/\/frmjccentre.org\/sts\/#\/schema\/logo\/image\/"},"sameAs":["https:\/\/www.facebook.com\/Frmjccentrests\/","https:\/\/x.com\/FRMJCSTS"]}]}},"jetpack_sharing_enabled":true,"jetpack_shortlink":"https:\/\/wp.me\/PgjY92-Rf","jetpack-related-posts":[],"_links":{"self":[{"href":"https:\/\/frmjccentre.org\/sts\/wp-json\/wp\/v2\/pages\/3301","targetHints":{"allow":["GET"]}}],"collection":[{"href":"https:\/\/frmjccentre.org\/sts\/wp-json\/wp\/v2\/pages"}],"about":[{"href":"https:\/\/frmjccentre.org\/sts\/wp-json\/wp\/v2\/types\/page"}],"author":[{"embeddable":true,"href":"https:\/\/frmjccentre.org\/sts\/wp-json\/wp\/v2\/users\/2"}],"replies":[{"embeddable":true,"href":"https:\/\/frmjccentre.org\/sts\/wp-json\/wp\/v2\/comments?post=3301"}],"version-history":[{"count":11,"href":"https:\/\/frmjccentre.org\/sts\/wp-json\/wp\/v2\/pages\/3301\/revisions"}],"predecessor-version":[{"id":9342,"href":"https:\/\/frmjccentre.org\/sts\/wp-json\/wp\/v2\/pages\/3301\/revisions\/9342"}],"up":[{"embeddable":true,"href":"https:\/\/frmjccentre.org\/sts\/wp-json\/wp\/v2\/pages\/3222"}],"wp:attachment":[{"href":"https:\/\/frmjccentre.org\/sts\/wp-json\/wp\/v2\/media?parent=3301"}],"curies":[{"name":"wp","href":"https:\/\/api.w.org\/{rel}","templated":true}]}}